. What is the units digit of i?
1
Let u(o) = -o**3 - 9*o**2 - 2*o + 8. Let n be u(-9). Let h be -1 + 3 + n + -2. Let q = h + -16. What is the tens digit of q?
1
Suppose 105 + 969 = 5*s - 4*t, 4*s + 5*t = 851. What is the hundreds digit of s?
2
Let v be -3*(-2)/(-10)*-5. Suppose j - 4 = 0, j - 4 = -k - v*k. Suppose -2 = -2*w, 2*z - 5*z + 4*w + 2 = k. What is the units digit of z?
2
Let l(p) = p. Let g be l(2). Suppose -g*x - 3 = 5. What is the units digit of -12*(1 + x/3)?
4
Let c(x) = -x**2 + 29*x - 4. What is the units digit of c(17)?
0
Let y(c) = c**3 + 5*c**2 + c - 5. Let u be y(-5). What is the units digit of 3*1/3 - u?
1
What is the units digit of (38 - 4) + -3 + (-1)/1?
0
Suppose 2*f + 24 = -2*y, -2*f - 3*y - y - 28 = 0. What is the units digit of (f/3)/(2/(-6))?
0
Let v = -37 + 64. Let i be (-206)/(-14) - (-2)/7. What is the units digit of v/5 + (-6)/i?
5
Suppose 3*i - m = 2 + 8, -2*i = -2*m. Suppose -2*r - 3*s - 37 = -3*r, 4*r = -i*s + 97. Suppose 0 = -4*d + r. What is the units digit of d?
7
Let z = -125 + 268. What is the hundreds digit of z?
1
Suppose -p + 95 = 4*p. What is the units digit of p?
9
Let s = -26 + 39. What is the tens digit of s?
1
Suppose -3*m + 9 + 0 = 0. Suppose m*l - 3*w + 3 = 0, w = -2*l - 3*w - 2. What is the units digit of (l/(-2))/((-1)/(-12))?
6
Let y(j) = -j + 7. Let p be y(5). Suppose p*z = -2*n - 0*z + 26, -z = 2*n - 22. Let g = 19 - n. What is the units digit of g?
0
Suppose -3*k = -5*k + 174. What is the tens digit of k?
8
Let u(j) = -3 + 0*j**2 - j**3 + 1 + 7*j - 7*j**2. Let l be u(-8). Suppose 0 = 2*y + 2, l*y = 2*o + 2*y - 6. What is the units digit of o?
1
Suppose g = 3*g + 2*j + 10, -4*j = 2*g + 20. Suppose 0 = -3*i - g*i + 15. What is the units digit of i?
5
What is the units digit of 5*(8/(-6))/((-20)/234)?
8
Suppose 0 = 6*g - 7*g + 28. What is the units digit of g?
8
Let z = 96 - 49. What is the tens digit of z?
4
Let z be 122 + (3 + -4 - 1). Suppose -4*u + 0*u + z = 0. What is the tens digit of u?
3
Suppose 19 = -w - 14. Let d = -19 - w. What is the units digit of d?
4
Let f = 12 + 21. What is the units digit of f?
3
Let g = 3 + 0. Let j = 4 - g. What is the units digit of j?
1
Let z(c) = -4 - 24*c + 4*c + 3. What is the tens digit of z(-1)?
1
Suppose -t - z - 2 = 0, 0 = 5*t - 2*z + 48 - 17. Let f be 3/15*t/(-1). Suppose h + 2*u = -0*h - f, -4*u - 9 = h. What is the units digit of h?
7
Let r(i) = i**2 - 4*i + 2. Let o be r(4). Suppose 0 = -o*y + 4, -2*g = -g - 3*y - 36. What is the units digit of g?
2
Suppose 0 = -3*x + 20 + 25. Let m = 26 - x. What is the tens digit of m?
1
Suppose 0 = -3*n - 2*n - 4*g + 59, 4*g = 3*n - 29. What is the units digit of n?
1
What is the tens digit of -5*(-4)/5 - (-340)/2?
7
Suppose -5*w = -261 - 99. What is the tens digit of w?
7
Suppose -6 = q - 0*q - 4*x, -3*q - x - 5 = 0. Let j(c) = -7*c - 4. Let t(h) = 6*h + 3. Let b(a) = -2*j(a) - 3*t(a). What is the units digit of b(q)?
7
Let b be (4/2)/((-8)/(-12)). Suppose -24 = -b*u - 0*u. What is the units digit of u?
8
Suppose 14*o = o + 13. What is the units digit of o?
1
Let n(p) = -p + 24. What is the tens digit of n(13)?
1
Suppose 444 = h + h. What is the tens digit of h?
2
Let r = -10 - -29. Let z = r - 13. What is the units digit of z?
6
Suppose 0 = -4*w - 3*l - l + 168, -4*w - l = -159. Let x = -23 + w. What is the units digit of x?
6
Suppose 19 = -3*l - d, -4*l - 9 - 12 = -3*d. Let n = -7 + l. Let c = 23 + n. What is the tens digit of c?
1
Let q = -97 - -198. What is the units digit of q?
1
Let t(h) = -3*h - 1. What is the units digit of t(-4)?
1
Suppose -28*t = -24*t - 268. What is the units digit of t?
7
Suppose 112 = 9*r - 329. What is the tens digit of r?
4
Let w be 4/(-8) - 33/(-6). Suppose r - w*a - 1 = -0*r, -4*r + 119 = 3*a. What is the tens digit of r?
2
Let f(m) = 4*m**2 - m - 2. Suppose 3*o + 3 = 0, 0*u - 2 = -2*u - 4*o. What is the tens digit of f(u)?
3
Let l(y) = -2*y**2 - 34*y - 15. What is the tens digit of l(-14)?
6
Let p(c) = 5*c - 5. Let w(f) = 5*f - 5. Let t(q) = -4*p(q) + 3*w(q). Let l(s) = 9*s - 9. Let u(h) = 3*l(h) + 5*t(h). What is the units digit of u(2)?
2
Let r(s) = -s**2 + s - 1. Let y be r(0). What is the units digit of 1 - (3 + y + -4)?
3
Let a = -11 + 35. What is the units digit of 298/12 + 4/a?
5
Suppose -17 = -3*h + 1. Suppose -4*m - h - 2 = 0. What is the units digit of (10/(m/(-1)))/1?
5
Suppose -3*j = -m + 36, 6*m - m - 3*j - 216 = 0. What is the units digit of m?
5
Let v be 20/6 - 10/(-15). Let r(n) = n - 4. Let p be r(v). Suppose p*q + 8 = 2*q. What is the units digit of q?
4
Suppose 0 = -4*z - 0*z + 128. What is the units digit of z?
2
Let w = 6 + 7. What is the tens digit of w?
1
Suppose 2*h + 0*h = -8. Let n(z) = 6*z**2 + 3*z - 4. Let a(k) = k**2 + k - 1. Let j(b) = h*a(b) + n(b). What is the tens digit of j(-2)?
1
Let n(c) be the second derivative of c**3/3 - c**2/2 - c. Let f be n(4). Suppose f*t - 35 = 2*t. What is the units digit of t?
7
What is the tens digit of 4 - 0/4 - -50?
5
Suppose 0 = 4*k + 7 + 25. What is the units digit of (-50)/(-4)*k/(-10)?
0
Let w(q) = -16*q - 10. What is the tens digit of w(-3)?
3
Let r = -15 - -27. What is the tens digit of r?
1
What is the tens digit of (-3)/((-12)/(-18) + (-205)/294)?
9
Suppose 0 = 3*s + 1 - 73. Let x = 71 - s. What is the units digit of x?
7
Let x be -4 + (-4)/(-6)*3. What is the units digit of x/8 - (-15)/12?
1
Let v(r) = 14*r**3 + 23*r**2 - 2*r + 3. Let j(l) = -9*l**3 - 15*l**2 + l - 2. Let s(w) = 8*j(w) + 5*v(w). What is the units digit of s(-3)?
4
What is the units digit of 2/4 + 513/18?
9
Suppose 0*a + 12 = -4*a. What is the units digit of a/2*196/(-21)?
4
Let d(x) = x**2 - 8*x - 3. Suppose -4*z - 22 = 2*a, -a + 5*a + 3*z = -24. Let y be (-2)/(-4)*(-54)/a. What is the units digit of d(y)?
6
Suppose 99 = -12*m + 15*m. What is the units digit of m?
3
Let h = -134 - -348. What is the hundreds digit of h?
2
Let n be (4/12)/(4/1452). Suppose -3*l - 7 = -n. What is the units digit of l?
8
Suppose -4*i - 6 = -34. Suppose 5*m = 2*u - i, -m + 26 - 7 = 3*u. What is the units digit of (24/(-10))/(u/(-20))?
8
Suppose 0*k - 4 = -2*k. What is the tens digit of k/(-4)*(-2 - 20)?
1
Let q = 22 + -15. Let z = q - 1. What is the units digit of z?
6
Suppose l + 3*l = 8. Let p = l + 4. Suppose -p*z + v + 11 = -4*z, 2*v - 42 = -4*z. What is the units digit of z?
8
Let r = -155 + 294. What is the tens digit of r?
3
Let d = 23 + 0. What is the tens digit of d?
2
Let v be (15/(-2))/((-12)/(-24)). Let t = 36 + v. What is the units digit of t?
1
Let k = 5 + -2. Suppose -51 - 17 = -4*g - 3*m, k*g = -5*m + 51. What is the tens digit of g?
1
Suppose k = -4*l + 112, 3*l + 2*l - 2*k - 127 = 0. What is the units digit of l?
7
Suppose -4*c + 24 = -4*y, -3*c - 2*y - 10 + 53 = 0. What is the tens digit of c?
1
Suppose 109 = 3*b + 19. What is the units digit of b?
0
Let d(z) = 7*z + 25. What is the hundreds digit of d(14)?
1
Suppose -4*g = -g. Suppose g = -5*h - 4*z + 49, h = 3*h - 3*z - 38. What is the units digit of h?
3
Suppose -4*d + 10 = d. Suppose 0 = 2*c - 5*a + 9, -d*c + 4*c - 1 = 3*a. What is the units digit of c?
8
Suppose 5*a - 171 = -4*w + 27, -4*w + 186 = -a. What is the units digit of w?
7
Let v(y) = 2*y - 4. Suppose 13 = 5*h - 4*j, 4*j - 9 = j. What is the units digit of v(h)?
6
Suppose 3*w - 3*f = 24 + 15, -5*w - 5*f + 115 = 0. Let h be w*((-15)/9)/(-1). Suppose 10 = 5*l - 3*b - h, 24 = 3*l - b. What is the units digit of l?
8
What is the tens digit of (-1 - 16/1)*-1?
1
Let s(p) = -p**3 + 2*p**2 + 11*p + 22. What is the hundreds digit of s(-5)?
1
Suppose 2*n = 46 - 6. What is the units digit of n?
0
Let g be (-2)/(-1) + 1 + -1. Let a = 8 - 4. Suppose -m - g = -a. What is the units digit of m?
2
Suppose 2*f = 6*f - 216. What is the units digit of f?
4
Suppose 0 = -5*b - q + 205, 3*b + 2*b - 3*q = 205. What is the tens digit of (20/(-4) - -2) + b?
3
Let h(t) = t**3 - 3*t + 1. Let p be h(2). Let x = p + 11. What is the units digit of x?
4
What is the units digit of 92 - (0/3)/(-3)?
2
Suppose 0 = -3*f, 3*f + 1 = -a - 2*f. What is the units digit of ((-24)/(-28))/(a/(-14))?
2
Let g(v) = v + 5. Let c be g(-2). What is the units digit of 524/12 + c/9?
4
Let n(f) = -6*f - 1. What is the tens digit of n(-4)?
2
Suppose -2*u - 18 = 4*m, 6*u 